{"id":15,"date":"2018-05-30T15:21:14","date_gmt":"2018-05-30T13:21:14","guid":{"rendered":"http:\/\/cdscweb.fr\/poneys-blackstone\/?page_id=15"},"modified":"2025-02-24T16:39:32","modified_gmt":"2025-02-24T15:39:32","slug":"teddy-blackstone","status":"publish","type":"page","link":"https:\/\/cdscweb.fr\/poneys-blackstone\/krater-elvey\/teddy-blackstone\/","title":{"rendered":"Teddy Blackstone"},"content":{"rendered":"\n<div class=\"wp-block-columns is-layout-flex wp-container-core-columns-is-layout-9d6595d7 wp-block-columns-is-layout-flex\">\n<div class=\"wp-block-column is-layout-flow wp-block-column-is-layout-flow\"><div class=\"wp-block-image is-style-rounded\">\n<figure class=\"aligncenter size-full\"><img loading=\"lazy\" decoding=\"async\" width=\"300\" height=\"198\" src=\"https:\/\/cdscweb.fr\/poneys-blackstone\/wp-content\/uploads\/1991-06_teddy-diana_2.jpg\" alt=\"\" class=\"wp-image-1603\" srcset=\"https:\/\/cdscweb.fr\/poneys-blackstone\/wp-content\/uploads\/1991-06_teddy-diana_2.jpg 300w, https:\/\/cdscweb.fr\/poneys-blackstone\/wp-content\/uploads\/1991-06_teddy-diana_2-227x150.jpg 227w\" sizes=\"auto, (max-width: 300px) 100vw, 300px\" \/><figcaption class=\"wp-element-caption\">TEDDY est \u00e0 gauche<\/figcaption><\/figure>\n<\/div><\/div>\n\n\n\n<div class=\"wp-block-column is-layout-flow wp-block-column-is-layout-flow\">\n<p class=\"has-text-align-center\"><strong><strong>Welsh <strong>Pony <\/strong><\/strong><\/strong><\/p>\n\n\n\n<p class=\"has-text-align-center\"><strong>1985 <\/strong><\/p>\n\n\n\n<p class=\"has-text-align-center\"><strong>Bai <\/strong><\/p>\n\n\n\n<p class=\"has-text-align-center\"><strong>1 m 38<\/strong><\/p>\n\n\n\n<p class=\"has-text-align-center\"><strong>par <em><a rel=\"noreferrer noopener\" href=\"https:\/\/cdscweb.fr\/poneys-blackstone\/les-autres-etalons-utilises\/kirby-cane-statecraft\/\" data-type=\"page\" data-id=\"75\" target=\"_blank\">KIRBY CANE STATECRAFT<\/a><\/em> <\/strong><\/p>\n\n\n\n<p class=\"has-text-align-center\"><strong>et <em><a rel=\"noreferrer noopener\" href=\"https:\/\/cdscweb.fr\/poneys-blackstone\/krater-elvey\/\" data-type=\"page\" data-id=\"69\" target=\"_blank\">KRATER ELVEY<\/a><\/em><\/strong><\/p>\n<\/div>\n<\/div>\n\n\n<div class=\"wp-block-image\">\n<figure class=\"aligncenter size-full\"><a href=\"https:\/\/infochevaux.ifce.fr\/fr\/teddy-blackstone-YeQ_aWe8QL2A418_ixsQpA\/infos-generales\" target=\"_blank\" rel=\"noreferrer noopener\"><img loading=\"lazy\" decoding=\"async\" width=\"1530\" height=\"258\" src=\"https:\/\/cdscweb.fr\/poneys-blackstone\/wp-content\/uploads\/teddy_pedigree.jpg\" alt=\"\" class=\"wp-image-2485\" title=\"Voir sa page IFCE\" srcset=\"https:\/\/cdscweb.fr\/poneys-blackstone\/wp-content\/uploads\/teddy_pedigree.jpg 1530w, https:\/\/cdscweb.fr\/poneys-blackstone\/wp-content\/uploads\/teddy_pedigree-300x51.jpg 300w, https:\/\/cdscweb.fr\/poneys-blackstone\/wp-content\/uploads\/teddy_pedigree-1024x173.jpg 1024w, https:\/\/cdscweb.fr\/poneys-blackstone\/wp-content\/uploads\/teddy_pedigree-768x130.jpg 768w, https:\/\/cdscweb.fr\/poneys-blackstone\/wp-content\/uploads\/teddy_pedigree-150x25.jpg 150w, https:\/\/cdscweb.fr\/poneys-blackstone\/wp-content\/uploads\/teddy_pedigree-1320x223.jpg 1320w\" sizes=\"auto, (max-width: 1530px) 100vw, 1530px\" \/><\/a><\/figure>\n<\/div>\n\n\n<h3 class=\"wp-block-heading\"><strong>Le tout premier Blackstone<\/strong><\/h3>\n\n\n\n<p class=\"has-text-align-center\">Vendu \u00e0 2 ans \u00e0 Mrs Diana Cumberlege&nbsp;qui cherchait un poney pour atteler en paire,&nbsp;<br>assorti \u00e0 celui qu&rsquo;elle avait d\u00e9j\u00e0.<\/p>\n\n\n\n<p class=\"has-text-align-center\">Elle a travers\u00e9 la France depuis Saint-Malo pour venir le voir,&nbsp;<br>puis une deuxi\u00e8me fois pour venir le chercher,<br>et lui a lou\u00e9 un box aux Ventes de Poitiers pour que le trajet ne soit pas trop p\u00e9nible&#8230;<\/p>\n\n\n\n<p class=\"has-text-align-center\">Avec elle il a brill\u00e9 en concours d\u2019attelage, comme on a pu le lire lors du d\u00e9c\u00e8s de Diana en 2004 : <br><em>[&#8230;] Grande sp\u00e9cialiste des poneys Welsh, c&rsquo;est avec cette race, en attelage \u00e0 1,<\/em><br><em> puis tr\u00e8s rapidement en paire, qu&rsquo;elle s&rsquo;est fait conna\u00eetre sur tous les terrains fran\u00e7ais, et britanniques.<br>La d\u00e9cennie 90 l&rsquo;a vu gagner tous les grands concours et seule son absence de passeport fran\u00e7ais, <\/em><br><em>lui a barr\u00e9 la porte des Championnats de France, et ce titre qu&rsquo;elle aurait tant ador\u00e9.<br>Excellente en dressage et pr\u00e9sentation, tr\u00e8s comp\u00e9titive en marathon et maniabilit\u00e9, <\/em><br><em>elle \u00e9tait admir\u00e9e et redout\u00e9e de tous ses comp\u00e9titeurs. [&#8230;]<\/em><\/p>\n\n\n\n<p class=\"has-text-align-right\"><em><em>Sur ordinateur : survolez le diaporama pour le mettre en pause,<br>cliquez sur une image pour l\u2019ouvrir dans un nouvel onglet<\/em><br><em>et n&rsquo;h\u00e9sitez pas \u00e0 passer en plein \u00e9cran.<\/em><\/em><\/p>\n\n\n\n<div class=\"alignnormal\"><div id=\"metaslider-id-2457\" style=\"width: 100%;\" class=\"ml-slider-3-108-0 metaslider metaslider-flex metaslider-2457 ml-slider has-dots-nav ms-theme-default\" role=\"region\" aria-label=\"Teddy Blackstone\" data-height=\"600\" data-width=\"900\">\n    <div id=\"metaslider_container_2457\">\n        <div id=\"metaslider_2457\">\n            <ul class='slides'>\n                <li style=\"display: block; width: 100%;\" class=\"slide-2460 ms-image \" aria-roledescription=\"slide\" data-date=\"2023-08-09 14:58:19\" data-filename=\"kirbycane-statecraft-877x585.jpg\" data-slide-type=\"image\"><a href=\"https:\/\/cdscweb.fr\/poneys-blackstone\/wp-content\/uploads\/kirbycane-statecraft.jpg\" target=\"_blank\" aria-label=\"Voir les d\u00e9tails de la diapositive\" class=\"metaslider_image_link\"><img loading=\"lazy\" decoding=\"async\" src=\"https:\/\/cdscweb.fr\/poneys-blackstone\/wp-content\/uploads\/kirbycane-statecraft-877x585.jpg\" height=\"600\" width=\"900\" alt=\"\" class=\"slider-2457 slide-2460 msDefaultImage\" title=\"kirbycane-statecraft\" \/><\/a><div class=\"caption-wrap\"><div class=\"caption\">KIRBY CANE STATECRAFT, p\u00e8re de TEDDY BLACKSTONE<\/div><\/div><\/li>\n                <li style=\"display: none; width: 100%;\" class=\"slide-2461 ms-image \" aria-roledescription=\"slide\" data-date=\"2023-08-09 14:58:19\" data-filename=\"1985_teddy-marjorie-800x533.jpg\" data-slide-type=\"image\"><a href=\"https:\/\/cdscweb.fr\/poneys-blackstone\/wp-content\/uploads\/1985_teddy-marjorie.jpg\" target=\"_blank\" aria-label=\"Voir les d\u00e9tails de la diapositive\" class=\"metaslider_image_link\"><img loading=\"lazy\" decoding=\"async\" src=\"https:\/\/cdscweb.fr\/poneys-blackstone\/wp-content\/uploads\/1985_teddy-marjorie-800x533.jpg\" height=\"600\" width=\"900\" alt=\"\" class=\"slider-2457 slide-2461 msDefaultImage\" title=\"1985_teddy-marjorie\" \/><\/a><div class=\"caption-wrap\"><div class=\"caption\">TEDDY BLACKSTONE 1 MOIS avec Marjorie de Ravignan<\/div><\/div><\/li>\n                <li style=\"display: none; width: 100%;\" class=\"slide-2462 ms-image \" aria-roledescription=\"slide\" data-date=\"2023-08-09 14:58:19\" data-filename=\"1985_teddy-2-800x533.jpg\" data-slide-type=\"image\"><a href=\"https:\/\/cdscweb.fr\/poneys-blackstone\/wp-content\/uploads\/1985_teddy-2.jpg\" target=\"_blank\" aria-label=\"Voir les d\u00e9tails de la diapositive\" class=\"metaslider_image_link\"><img loading=\"lazy\" decoding=\"async\" src=\"https:\/\/cdscweb.fr\/poneys-blackstone\/wp-content\/uploads\/1985_teddy-2-800x533.jpg\" height=\"600\" width=\"900\" alt=\"\" class=\"slider-2457 slide-2462 msDefaultImage\" title=\"1985_teddy-2\" \/><\/a><div class=\"caption-wrap\"><div class=\"caption\">TEDDY BLACKSTONE, 1 AN<\/div><\/div><\/li>\n                <li style=\"display: none; width: 100%;\" class=\"slide-2464 ms-image \" aria-roledescription=\"slide\" data-date=\"2023-08-09 14:58:19\" data-filename=\"1985_teddy-800x533.jpg\" data-slide-type=\"image\"><a href=\"https:\/\/cdscweb.fr\/poneys-blackstone\/wp-content\/uploads\/1985_teddy.jpg\" target=\"_blank\" aria-label=\"Voir les d\u00e9tails de la diapositive\" class=\"metaslider_image_link\"><img loading=\"lazy\" decoding=\"async\" src=\"https:\/\/cdscweb.fr\/poneys-blackstone\/wp-content\/uploads\/1985_teddy-800x533.jpg\" height=\"600\" width=\"900\" alt=\"\" class=\"slider-2457 slide-2464 msDefaultImage\" title=\"1985_teddy\" \/><\/a><div class=\"caption-wrap\"><div class=\"caption\">TEDDY BLACKSTONE, 18 MOIS<\/div><\/div><\/li>\n                <li style=\"display: none; width: 100%;\" class=\"slide-2465 ms-image \" aria-roledescription=\"slide\" data-date=\"2023-08-09 14:58:19\" data-filename=\"1987_teddy-800x533.jpg\" data-slide-type=\"image\"><a href=\"https:\/\/cdscweb.fr\/poneys-blackstone\/wp-content\/uploads\/1987_teddy.jpg\" target=\"_blank\" aria-label=\"Voir les d\u00e9tails de la diapositive\" class=\"metaslider_image_link\"><img loading=\"lazy\" decoding=\"async\" src=\"https:\/\/cdscweb.fr\/poneys-blackstone\/wp-content\/uploads\/1987_teddy-800x533.jpg\" height=\"600\" width=\"900\" alt=\"\" class=\"slider-2457 slide-2465 msDefaultImage\" title=\"teddy 2 ANS\" \/><\/a><div class=\"caption-wrap\"><div class=\"caption\">TEDDY BLACKSTONE, 2 ANS chez D. Cumberlege<\/div><\/div><\/li>\n                <li style=\"display: none; width: 100%;\" class=\"slide-2466 ms-image \" aria-roledescription=\"slide\" data-date=\"2023-08-09 14:58:19\" data-filename=\"1990-06-23_teddy-diana-296x197.jpg\" data-slide-type=\"image\"><a href=\"https:\/\/cdscweb.fr\/poneys-blackstone\/wp-content\/uploads\/1990-06-23_teddy-diana.jpg\" target=\"_blank\" aria-label=\"Voir les d\u00e9tails de la diapositive\" class=\"metaslider_image_link\"><img loading=\"lazy\" decoding=\"async\" src=\"https:\/\/cdscweb.fr\/poneys-blackstone\/wp-content\/uploads\/1990-06-23_teddy-diana-296x197.jpg\" height=\"600\" width=\"900\" alt=\"\" class=\"slider-2457 slide-2466 msDefaultImage\" title=\"1990-06-23_teddy-diana\" \/><\/a><div class=\"caption-wrap\"><div class=\"caption\">TEDDY BLACKSTONE (\u00e0 droite)<\/div><\/div><\/li>\n                <li style=\"display: none; width: 100%;\" class=\"slide-2467 ms-image \" aria-roledescription=\"slide\" data-date=\"2023-08-09 14:58:19\" data-filename=\"1991-06_teddy-diana-201x134.jpg\" data-slide-type=\"image\"><a href=\"https:\/\/cdscweb.fr\/poneys-blackstone\/wp-content\/uploads\/1991-06_teddy-diana.jpg\" target=\"_blank\" aria-label=\"Voir les d\u00e9tails de la diapositive\" class=\"metaslider_image_link\"><img loading=\"lazy\" decoding=\"async\" src=\"https:\/\/cdscweb.fr\/poneys-blackstone\/wp-content\/uploads\/1991-06_teddy-diana-201x134.jpg\" height=\"600\" width=\"900\" alt=\"\" class=\"slider-2457 slide-2467 msDefaultImage\" title=\"1991-06_teddy-diana\" \/><\/a><div class=\"caption-wrap\"><div class=\"caption\">TEDDY BLACKSTONE (\u00e0 gauche)<\/div><\/div><\/li>\n                <li style=\"display: none; width: 100%;\" class=\"slide-2468 ms-image \" aria-roledescription=\"slide\" data-date=\"2023-08-09 14:58:19\" data-filename=\"1991-06_teddy-diana_2-297x198.jpg\" data-slide-type=\"image\"><a href=\"https:\/\/cdscweb.fr\/poneys-blackstone\/wp-content\/uploads\/1991-06_teddy-diana_2.jpg\" target=\"_blank\" aria-label=\"Voir les d\u00e9tails de la diapositive\" class=\"metaslider_image_link\"><img loading=\"lazy\" decoding=\"async\" src=\"https:\/\/cdscweb.fr\/poneys-blackstone\/wp-content\/uploads\/1991-06_teddy-diana_2-297x198.jpg\" height=\"600\" width=\"900\" alt=\"\" class=\"slider-2457 slide-2468 msDefaultImage\" title=\"1991-06_teddy-diana_2\" \/><\/a><div class=\"caption-wrap\"><div class=\"caption\">TEDDY BLACKSTONE (\u00e0 gauche)<\/div><\/div><\/li>\n                <li style=\"display: none; width: 100%;\" class=\"slide-2469 ms-image \" aria-roledescription=\"slide\" data-date=\"2023-08-09 14:58:19\" data-filename=\"1998-08_teddy-diana-300x200.jpg\" data-slide-type=\"image\"><a href=\"https:\/\/cdscweb.fr\/poneys-blackstone\/wp-content\/uploads\/1998-08_teddy-diana.jpg\" target=\"_blank\" aria-label=\"Voir les d\u00e9tails de la diapositive\" class=\"metaslider_image_link\"><img loading=\"lazy\" decoding=\"async\" src=\"https:\/\/cdscweb.fr\/poneys-blackstone\/wp-content\/uploads\/1998-08_teddy-diana-300x200.jpg\" height=\"600\" width=\"900\" alt=\"\" class=\"slider-2457 slide-2469 msDefaultImage\" title=\"1998-08_teddy-diana\" \/><\/a><div class=\"caption-wrap\"><div class=\"caption\">TEDDY BLACKSTONE (\u00e0 gauche)<\/div><\/div><\/li>\n                <li style=\"display: none; width: 100%;\" class=\"slide-2470 ms-image \" aria-roledescription=\"slide\" data-date=\"2023-08-09 14:58:19\" data-filename=\"teddy-diana_saumur-213x142.jpg\" data-slide-type=\"image\"><a href=\"https:\/\/cdscweb.fr\/poneys-blackstone\/wp-content\/uploads\/teddy-diana_saumur.jpg\" target=\"_blank\" aria-label=\"Voir les d\u00e9tails de la diapositive\" class=\"metaslider_image_link\"><img loading=\"lazy\" decoding=\"async\" src=\"https:\/\/cdscweb.fr\/poneys-blackstone\/wp-content\/uploads\/teddy-diana_saumur-213x142.jpg\" height=\"600\" width=\"900\" alt=\"\" class=\"slider-2457 slide-2470 msDefaultImage\" title=\"teddy-diana_saumur\" \/><\/a><div class=\"caption-wrap\"><div class=\"caption\">TEDDY BLACKSTONE (\u00e0 droite)<\/div><\/div><\/li>\n            <\/ul>\n        <\/div>\n        \n    <\/div>\n<\/div><\/div>\n","protected":false},"excerpt":{"rendered":"<p class=\"continue-reading-button\"> <a class=\"continue-reading-link\" href=\"https:\/\/cdscweb.fr\/poneys-blackstone\/krater-elvey\/teddy-blackstone\/\">Lire<i class=\"crycon-right-dir\"><\/i><\/a><\/p>\n<div class='heateorSssClear'><\/div><div  class='heateor_sss_sharing_container heateor_sss_horizontal_sharing' data-heateor-sss-href='https:\/\/cdscweb.fr\/poneys-blackstone\/krater-elvey\/teddy-blackstone\/'><div class='heateor_sss_sharing_title' style=\"font-weight:bold\" >Partagez !<\/div><div class=\"heateor_sss_sharing_ul\"><a aria-label=\"Facebook\" class=\"heateor_sss_facebook\" href=\"https:\/\/www.facebook.com\/sharer\/sharer.php?u=https%3A%2F%2Fcdscweb.fr%2Fponeys-blackstone%2Fkrater-elvey%2Fteddy-blackstone%2F\" title=\"Facebook\" rel=\"nofollow noopener\" target=\"_blank\" style=\"font-size:32px!important;box-shadow:none;display:inline-block;vertical-align:middle\"><span class=\"heateor_sss_svg\" style=\"background-color:#0765FE;width:35px;height:35px;border-radius:999px;display:inline-block;opacity:1;float:left;font-size:32px;box-shadow:none;display:inline-block;font-size:16px;padding:0 4px;vertical-align:middle;background-repeat:repeat;overflow:hidden;padding:0;cursor:pointer;box-sizing:content-box\"><svg style=\"display:block;border-radius:999px;\" focusable=\"false\" aria-hidden=\"true\" xmlns=\"http:\/\/www.w3.org\/2000\/svg\" width=\"100%\" height=\"100%\" viewBox=\"0 0 32 32\"><path fill=\"#fff\" d=\"M28 16c0-6.627-5.373-12-12-12S4 9.373 4 16c0 5.628 3.875 10.35 9.101 11.647v-7.98h-2.474V16H13.1v-1.58c0-4.085 1.849-5.978 5.859-5.978.76 0 2.072.15 2.608.298v3.325c-.283-.03-.775-.045-1.386-.045-1.967 0-2.728.745-2.728 2.683V16h3.92l-.673 3.667h-3.247v8.245C23.395 27.195 28 22.135 28 16Z\"><\/path><\/svg><\/span><\/a><a aria-label=\"Instagram\" class=\"heateor_sss_button_instagram\" href=\"https:\/\/www.instagram.com\/\" title=\"Instagram\" rel=\"nofollow noopener\" target=\"_blank\" style=\"font-size:32px!important;box-shadow:none;display:inline-block;vertical-align:middle\"><span class=\"heateor_sss_svg\" style=\"background-color:#53beee;width:35px;height:35px;border-radius:999px;display:inline-block;opacity:1;float:left;font-size:32px;box-shadow:none;display:inline-block;font-size:16px;padding:0 4px;vertical-align:middle;background-repeat:repeat;overflow:hidden;padding:0;cursor:pointer;box-sizing:content-box\"><svg style=\"display:block;border-radius:999px;\" version=\"1.1\" viewBox=\"-10 -10 148 148\" width=\"100%\" height=\"100%\" xml:space=\"preserve\" xmlns=\"http:\/\/www.w3.org\/2000\/svg\" xmlns:xlink=\"http:\/\/www.w3.org\/1999\/xlink\"><g><g><path d=\"M86,112H42c-14.336,0-26-11.663-26-26V42c0-14.337,11.664-26,26-26h44c14.337,0,26,11.663,26,26v44 C112,100.337,100.337,112,86,112z M42,24c-9.925,0-18,8.074-18,18v44c0,9.925,8.075,18,18,18h44c9.926,0,18-8.075,18-18V42 c0-9.926-8.074-18-18-18H42z\" fill=\"#fff\"><\/path><\/g><g><path d=\"M64,88c-13.234,0-24-10.767-24-24c0-13.234,10.766-24,24-24s24,10.766,24,24C88,77.233,77.234,88,64,88z M64,48c-8.822,0-16,7.178-16,16s7.178,16,16,16c8.822,0,16-7.178,16-16S72.822,48,64,48z\" fill=\"#fff\"><\/path><\/g><g><circle cx=\"89.5\" cy=\"38.5\" fill=\"#fff\" r=\"5.5\"><\/circle><\/g><\/g><\/svg><\/span><\/a><a aria-label=\"Whatsapp\" class=\"heateor_sss_whatsapp\" href=\"https:\/\/api.whatsapp.com\/send?text=Teddy%20Blackstone%20https%3A%2F%2Fcdscweb.fr%2Fponeys-blackstone%2Fkrater-elvey%2Fteddy-blackstone%2F\" title=\"Whatsapp\" rel=\"nofollow noopener\" target=\"_blank\" style=\"font-size:32px!important;box-shadow:none;display:inline-block;vertical-align:middle\"><span class=\"heateor_sss_svg\" style=\"background-color:#55eb4c;width:35px;height:35px;border-radius:999px;display:inline-block;opacity:1;float:left;font-size:32px;box-shadow:none;display:inline-block;font-size:16px;padding:0 4px;vertical-align:middle;background-repeat:repeat;overflow:hidden;padding:0;cursor:pointer;box-sizing:content-box\"><svg style=\"display:block;border-radius:999px;\" focusable=\"false\" aria-hidden=\"true\" xmlns=\"http:\/\/www.w3.org\/2000\/svg\" width=\"100%\" height=\"100%\" viewBox=\"-6 -5 40 40\"><path class=\"heateor_sss_svg_stroke heateor_sss_no_fill\" stroke=\"#fff\" stroke-width=\"2\" fill=\"none\" d=\"M 11.579798566743314 24.396926207859085 A 10 10 0 1 0 6.808479557110079 20.73576436351046\"><\/path><path d=\"M 7 19 l -1 6 l 6 -1\" class=\"heateor_sss_no_fill heateor_sss_svg_stroke\" stroke=\"#fff\" stroke-width=\"2\" fill=\"none\"><\/path><path d=\"M 10 10 q -1 8 8 11 c 5 -1 0 -6 -1 -3 q -4 -3 -5 -5 c 4 -2 -1 -5 -1 -4\" fill=\"#fff\"><\/path><\/svg><\/span><\/a><a class=\"heateor_sss_more\" aria-label=\"More\" title=\"More\" rel=\"nofollow noopener\" style=\"font-size: 32px!important;border:0;box-shadow:none;display:inline-block!important;font-size:16px;padding:0 4px;vertical-align: middle;display:inline;\" href=\"https:\/\/cdscweb.fr\/poneys-blackstone\/krater-elvey\/teddy-blackstone\/\" onclick=\"event.preventDefault()\"><span class=\"heateor_sss_svg\" style=\"background-color:#ee8e2d;width:35px;height:35px;border-radius:999px;display:inline-block!important;opacity:1;float:left;font-size:32px!important;box-shadow:none;display:inline-block;font-size:16px;padding:0 4px;vertical-align:middle;display:inline;background-repeat:repeat;overflow:hidden;padding:0;cursor:pointer;box-sizing:content-box;\" onclick=\"heateorSssMoreSharingPopup(this, 'https:\/\/cdscweb.fr\/poneys-blackstone\/krater-elvey\/teddy-blackstone\/', 'Teddy%20Blackstone', '' )\"><svg xmlns=\"http:\/\/www.w3.org\/2000\/svg\" xmlns:xlink=\"http:\/\/www.w3.org\/1999\/xlink\" viewBox=\"-.3 0 32 32\" version=\"1.1\" width=\"100%\" height=\"100%\" style=\"display:block;border-radius:999px;\" xml:space=\"preserve\"><g><path fill=\"#fff\" d=\"M18 14V8h-4v6H8v4h6v6h4v-6h6v-4h-6z\" fill-rule=\"evenodd\"><\/path><\/g><\/svg><\/span><\/a><\/div><div class=\"heateorSssClear\"><\/div><\/div><div class='heateorSssClear'><\/div>","protected":false},"author":1,"featured_media":1605,"parent":69,"menu_order":0,"comment_status":"closed","ping_status":"closed","template":"","meta":{"footnotes":""},"class_list":["post-15","page","type-page","status-publish","has-post-thumbnail","hentry"],"_links":{"self":[{"href":"https:\/\/cdscweb.fr\/poneys-blackstone\/wp-json\/wp\/v2\/pages\/15","targetHints":{"allow":["GET"]}}],"collection":[{"href":"https:\/\/cdscweb.fr\/poneys-blackstone\/wp-json\/wp\/v2\/pages"}],"about":[{"href":"https:\/\/cdscweb.fr\/poneys-blackstone\/wp-json\/wp\/v2\/types\/page"}],"author":[{"embeddable":true,"href":"https:\/\/cdscweb.fr\/poneys-blackstone\/wp-json\/wp\/v2\/users\/1"}],"replies":[{"embeddable":true,"href":"https:\/\/cdscweb.fr\/poneys-blackstone\/wp-json\/wp\/v2\/comments?post=15"}],"version-history":[{"count":16,"href":"https:\/\/cdscweb.fr\/poneys-blackstone\/wp-json\/wp\/v2\/pages\/15\/revisions"}],"predecessor-version":[{"id":3453,"href":"https:\/\/cdscweb.fr\/poneys-blackstone\/wp-json\/wp\/v2\/pages\/15\/revisions\/3453"}],"up":[{"embeddable":true,"href":"https:\/\/cdscweb.fr\/poneys-blackstone\/wp-json\/wp\/v2\/pages\/69"}],"wp:featuredmedia":[{"embeddable":true,"href":"https:\/\/cdscweb.fr\/poneys-blackstone\/wp-json\/wp\/v2\/media\/1605"}],"wp:attachment":[{"href":"https:\/\/cdscweb.fr\/poneys-blackstone\/wp-json\/wp\/v2\/media?parent=15"}],"curies":[{"name":"wp","href":"https:\/\/api.w.org\/{rel}","templated":true}]}}