{"id":4481,"date":"2024-08-17T17:43:04","date_gmt":"2024-08-17T15:43:04","guid":{"rendered":"https:\/\/cdscweb.fr\/poneys-blackstone-equitation\/?page_id=4481"},"modified":"2026-04-21T11:09:10","modified_gmt":"2026-04-21T09:09:10","slug":"activites","status":"publish","type":"page","link":"https:\/\/cdscweb.fr\/poneys-blackstone-equitation\/activites\/","title":{"rendered":"Activit\u00e9s propos\u00e9es"},"content":{"rendered":"\n<p>Cliquez sur les images pour d\u00e9couvrir notre fa\u00e7on de d\u00e9cliner chaque discipline.<\/p>\n\n\n\n<div class=\"wp-block-columns is-layout-flex wp-container-core-columns-is-layout-9d6595d7 wp-block-columns-is-layout-flex\">\n<div class=\"wp-block-column is-layout-flow wp-block-column-is-layout-flow\">\n<figure class=\"wp-block-image size-full is-style-rounded\"><a href=\"https:\/\/cdscweb.fr\/poneys-blackstone-equitation\/activites\/linstruction-du-debutant-au-galop-4\/\" target=\"_blank\" rel=\" noreferrer noopener\"><img loading=\"lazy\" decoding=\"async\" width=\"1193\" height=\"1193\" src=\"https:\/\/cdscweb.fr\/poneys-blackstone-equitation\/wp-content\/uploads\/2024-09-28-2_atchoum-alienor_sylvie_tom-louelise_marjorie_dallas-nilou.jpg\" alt=\"\" class=\"wp-image-5318\" srcset=\"https:\/\/cdscweb.fr\/poneys-blackstone-equitation\/wp-content\/uploads\/2024-09-28-2_atchoum-alienor_sylvie_tom-louelise_marjorie_dallas-nilou.jpg 1193w, https:\/\/cdscweb.fr\/poneys-blackstone-equitation\/wp-content\/uploads\/2024-09-28-2_atchoum-alienor_sylvie_tom-louelise_marjorie_dallas-nilou-300x300.jpg 300w, https:\/\/cdscweb.fr\/poneys-blackstone-equitation\/wp-content\/uploads\/2024-09-28-2_atchoum-alienor_sylvie_tom-louelise_marjorie_dallas-nilou-1024x1024.jpg 1024w, https:\/\/cdscweb.fr\/poneys-blackstone-equitation\/wp-content\/uploads\/2024-09-28-2_atchoum-alienor_sylvie_tom-louelise_marjorie_dallas-nilou-150x150.jpg 150w, https:\/\/cdscweb.fr\/poneys-blackstone-equitation\/wp-content\/uploads\/2024-09-28-2_atchoum-alienor_sylvie_tom-louelise_marjorie_dallas-nilou-768x768.jpg 768w\" sizes=\"auto, (max-width: 1193px) 100vw, 1193px\" \/><\/a><\/figure>\n\n\n\n<p class=\"has-text-align-center has-small-font-size\"><strong>Instruction<\/strong> <br>d\u00e8s 6 ans<\/p>\n<\/div>\n\n\n\n<div class=\"wp-block-column is-layout-flow wp-block-column-is-layout-flow\">\n<figure class=\"wp-block-image size-large is-style-rounded\"><a href=\"https:\/\/cdscweb.fr\/poneys-blackstone-equitation\/le-baby-poney\/\" target=\"_blank\" rel=\"noreferrer noopener\"><img loading=\"lazy\" decoding=\"async\" width=\"648\" height=\"648\" src=\"https:\/\/cdscweb.fr\/poneys-blackstone-equitation\/wp-content\/uploads\/2024-04-10_baby.jpg\" alt=\"\" class=\"wp-image-4505\" srcset=\"https:\/\/cdscweb.fr\/poneys-blackstone-equitation\/wp-content\/uploads\/2024-04-10_baby.jpg 648w, https:\/\/cdscweb.fr\/poneys-blackstone-equitation\/wp-content\/uploads\/2024-04-10_baby-300x300.jpg 300w, https:\/\/cdscweb.fr\/poneys-blackstone-equitation\/wp-content\/uploads\/2024-04-10_baby-150x150.jpg 150w\" sizes=\"auto, (max-width: 648px) 100vw, 648px\" \/><\/a><\/figure>\n\n\n\n<p class=\"has-text-align-center has-small-font-size\"><strong>Baby Poney <\/strong><br>De 18 mois \u00e0 5 ans<\/p>\n<\/div>\n\n\n\n<div class=\"wp-block-column is-layout-flow wp-block-column-is-layout-flow\">\n<figure class=\"wp-block-image size-full is-style-rounded\"><a href=\"https:\/\/cdscweb.fr\/poneys-blackstone-equitation\/activites\/activites-equestres-adaptees\/\" target=\"_blank\" rel=\"noreferrer noopener\"><img loading=\"lazy\" decoding=\"async\" width=\"400\" height=\"400\" src=\"https:\/\/cdscweb.fr\/poneys-blackstone-equitation\/wp-content\/uploads\/pbe_presentation_aea.png\" alt=\"\" class=\"wp-image-6399\" srcset=\"https:\/\/cdscweb.fr\/poneys-blackstone-equitation\/wp-content\/uploads\/pbe_presentation_aea.png 400w, https:\/\/cdscweb.fr\/poneys-blackstone-equitation\/wp-content\/uploads\/pbe_presentation_aea-300x300.png 300w, https:\/\/cdscweb.fr\/poneys-blackstone-equitation\/wp-content\/uploads\/pbe_presentation_aea-150x150.png 150w\" sizes=\"auto, (max-width: 400px) 100vw, 400px\" \/><\/a><\/figure>\n\n\n\n<p class=\"has-text-align-center has-small-font-size\"><strong>Activit\u00e9s \u00c9questres<br>Adapt\u00e9es<\/strong><\/p>\n<\/div>\n\n\n\n<div class=\"wp-block-column is-layout-flow wp-block-column-is-layout-flow\">\n<figure class=\"wp-block-image size-full is-style-rounded\"><a href=\"https:\/\/cdscweb.fr\/poneys-blackstone-equitation\/activites\/la-voltige\/\" target=\"_blank\" rel=\"noreferrer noopener\"><img loading=\"lazy\" decoding=\"async\" width=\"481\" height=\"481\" src=\"https:\/\/cdscweb.fr\/poneys-blackstone-equitation\/wp-content\/uploads\/2025-07-23_utopia_lou-elise.jpg\" alt=\"\" class=\"wp-image-7255\" srcset=\"https:\/\/cdscweb.fr\/poneys-blackstone-equitation\/wp-content\/uploads\/2025-07-23_utopia_lou-elise.jpg 481w, https:\/\/cdscweb.fr\/poneys-blackstone-equitation\/wp-content\/uploads\/2025-07-23_utopia_lou-elise-300x300.jpg 300w, https:\/\/cdscweb.fr\/poneys-blackstone-equitation\/wp-content\/uploads\/2025-07-23_utopia_lou-elise-150x150.jpg 150w, https:\/\/cdscweb.fr\/poneys-blackstone-equitation\/wp-content\/uploads\/2025-07-23_utopia_lou-elise-257x257.jpg 257w\" sizes=\"auto, (max-width: 481px) 100vw, 481px\" \/><\/a><\/figure>\n\n\n\n<p class=\"has-text-align-center has-small-font-size\"><strong>Voltige <\/strong><br>\u00c9quilibre et aisance<\/p>\n<\/div>\n<\/div>\n\n\n\n<div class=\"wp-block-columns is-layout-flex wp-container-core-columns-is-layout-9d6595d7 wp-block-columns-is-layout-flex\">\n<div class=\"wp-block-column is-layout-flow wp-block-column-is-layout-flow\">\n<figure class=\"wp-block-image size-large is-style-rounded\"><a href=\"https:\/\/cdscweb.fr\/poneys-blackstone-equitation\/activites\/lequifeel\/\" target=\"_blank\" rel=\"noreferrer noopener\"><img loading=\"lazy\" decoding=\"async\" width=\"512\" height=\"512\" src=\"https:\/\/cdscweb.fr\/poneys-blackstone-equitation\/wp-content\/uploads\/2021-02-03_equifeel.jpg\" alt=\"\" class=\"wp-image-4512\" srcset=\"https:\/\/cdscweb.fr\/poneys-blackstone-equitation\/wp-content\/uploads\/2021-02-03_equifeel.jpg 512w, https:\/\/cdscweb.fr\/poneys-blackstone-equitation\/wp-content\/uploads\/2021-02-03_equifeel-300x300.jpg 300w, https:\/\/cdscweb.fr\/poneys-blackstone-equitation\/wp-content\/uploads\/2021-02-03_equifeel-150x150.jpg 150w\" sizes=\"auto, (max-width: 512px) 100vw, 512px\" \/><\/a><\/figure>\n\n\n\n<p class=\"has-text-align-center has-small-font-size\"><strong>\u00c9quifeel <\/strong><br>Tests ludiques \u00e0 pied<\/p>\n<\/div>\n\n\n\n<div class=\"wp-block-column is-layout-flow wp-block-column-is-layout-flow\">\n<figure class=\"wp-block-image size-full is-style-rounded\"><a href=\"https:\/\/cdscweb.fr\/poneys-blackstone-equitation\/activites\/lequifun\/\" target=\"_blank\" rel=\" noreferrer noopener\"><img loading=\"lazy\" decoding=\"async\" width=\"410\" height=\"410\" src=\"https:\/\/cdscweb.fr\/poneys-blackstone-equitation\/wp-content\/uploads\/equifun.jpg\" alt=\"\" class=\"wp-image-4509\" srcset=\"https:\/\/cdscweb.fr\/poneys-blackstone-equitation\/wp-content\/uploads\/equifun.jpg 410w, https:\/\/cdscweb.fr\/poneys-blackstone-equitation\/wp-content\/uploads\/equifun-300x300.jpg 300w, https:\/\/cdscweb.fr\/poneys-blackstone-equitation\/wp-content\/uploads\/equifun-150x150.jpg 150w\" sizes=\"auto, (max-width: 410px) 100vw, 410px\" \/><\/a><\/figure>\n\n\n\n<p class=\"has-text-align-center has-small-font-size\"><strong>\u00c9quifun <\/strong><br>P\u00e9dagogie par le jeu<\/p>\n<\/div>\n\n\n\n<div class=\"wp-block-column is-layout-flow wp-block-column-is-layout-flow\">\n<figure class=\"wp-block-image size-large is-style-rounded\"><a href=\"https:\/\/cdscweb.fr\/poneys-blackstone-equitation\/activites\/lattelage\/\" target=\"_blank\" rel=\"noreferrer noopener\"><img loading=\"lazy\" decoding=\"async\" width=\"1024\" height=\"1024\" src=\"https:\/\/cdscweb.fr\/poneys-blackstone-equitation\/wp-content\/uploads\/2025-10-17_dallas_attelage-1-1024x1024.jpg\" alt=\"\" class=\"wp-image-6956\" srcset=\"https:\/\/cdscweb.fr\/poneys-blackstone-equitation\/wp-content\/uploads\/2025-10-17_dallas_attelage-1-1024x1024.jpg 1024w, https:\/\/cdscweb.fr\/poneys-blackstone-equitation\/wp-content\/uploads\/2025-10-17_dallas_attelage-1-300x300.jpg 300w, https:\/\/cdscweb.fr\/poneys-blackstone-equitation\/wp-content\/uploads\/2025-10-17_dallas_attelage-1-150x150.jpg 150w, https:\/\/cdscweb.fr\/poneys-blackstone-equitation\/wp-content\/uploads\/2025-10-17_dallas_attelage-1-768x768.jpg 768w, https:\/\/cdscweb.fr\/poneys-blackstone-equitation\/wp-content\/uploads\/2025-10-17_dallas_attelage-1.jpg 1088w\" sizes=\"auto, (max-width: 1024px) 100vw, 1024px\" \/><\/a><\/figure>\n\n\n\n<p class=\"has-text-align-center has-small-font-size\"><strong>Attelage<\/strong><br>Initiation<\/p>\n<\/div>\n\n\n\n<div class=\"wp-block-column is-layout-flow wp-block-column-is-layout-flow\">\n<figure class=\"wp-block-image size-full is-style-rounded\"><a href=\"https:\/\/cdscweb.fr\/poneys-blackstone-equitation\/activites\/le-travail-a-pied\/\" target=\"_blank\" rel=\" noreferrer noopener\"><img loading=\"lazy\" decoding=\"async\" width=\"512\" height=\"512\" src=\"https:\/\/cdscweb.fr\/poneys-blackstone-equitation\/wp-content\/uploads\/2021-09-19_longues-renes.jpg\" alt=\"\" class=\"wp-image-4507\" srcset=\"https:\/\/cdscweb.fr\/poneys-blackstone-equitation\/wp-content\/uploads\/2021-09-19_longues-renes.jpg 512w, https:\/\/cdscweb.fr\/poneys-blackstone-equitation\/wp-content\/uploads\/2021-09-19_longues-renes-300x300.jpg 300w, https:\/\/cdscweb.fr\/poneys-blackstone-equitation\/wp-content\/uploads\/2021-09-19_longues-renes-150x150.jpg 150w\" sizes=\"auto, (max-width: 512px) 100vw, 512px\" \/><\/a><\/figure>\n\n\n\n<p class=\"has-text-align-center has-small-font-size\"><strong>Travail \u00e0 pied<\/strong><br>Longe et longues r\u00eanes<\/p>\n<\/div>\n<\/div>\n\n\n\n<div class=\"wp-block-columns is-layout-flex wp-container-core-columns-is-layout-9d6595d7 wp-block-columns-is-layout-flex\">\n<div class=\"wp-block-column is-layout-flow wp-block-column-is-layout-flow\">\n<figure class=\"wp-block-image size-full is-style-rounded\"><a href=\"https:\/\/cdscweb.fr\/poneys-blackstone-equitation\/activites\/le-dressage\/\" target=\"_blank\" rel=\" noreferrer noopener\"><img loading=\"lazy\" decoding=\"async\" width=\"847\" height=\"847\" src=\"https:\/\/cdscweb.fr\/poneys-blackstone-equitation\/wp-content\/uploads\/2025-09-28_pibrac_dress.jpg\" alt=\"\" class=\"wp-image-6850\" srcset=\"https:\/\/cdscweb.fr\/poneys-blackstone-equitation\/wp-content\/uploads\/2025-09-28_pibrac_dress.jpg 847w, https:\/\/cdscweb.fr\/poneys-blackstone-equitation\/wp-content\/uploads\/2025-09-28_pibrac_dress-300x300.jpg 300w, https:\/\/cdscweb.fr\/poneys-blackstone-equitation\/wp-content\/uploads\/2025-09-28_pibrac_dress-150x150.jpg 150w, https:\/\/cdscweb.fr\/poneys-blackstone-equitation\/wp-content\/uploads\/2025-09-28_pibrac_dress-768x768.jpg 768w\" sizes=\"auto, (max-width: 847px) 100vw, 847px\" \/><\/a><\/figure>\n\n\n\n<p class=\"has-text-align-center has-small-font-size\"><strong>Dressage<\/strong><br>Initiation &#8211; Comp\u00e9tition<\/p>\n<\/div>\n\n\n\n<div class=\"wp-block-column is-layout-flow wp-block-column-is-layout-flow\">\n<figure class=\"wp-block-image size-full is-style-rounded\"><a href=\"https:\/\/cdscweb.fr\/poneys-blackstone-equitation\/activites\/le-hunter\/\" target=\"_blank\" rel=\" noreferrer noopener\"><img loading=\"lazy\" decoding=\"async\" width=\"1246\" height=\"1246\" src=\"https:\/\/cdscweb.fr\/poneys-blackstone-equitation\/wp-content\/uploads\/2025-10-23_saut-1-1.jpg\" alt=\"\" class=\"wp-image-6963\" srcset=\"https:\/\/cdscweb.fr\/poneys-blackstone-equitation\/wp-content\/uploads\/2025-10-23_saut-1-1.jpg 1246w, https:\/\/cdscweb.fr\/poneys-blackstone-equitation\/wp-content\/uploads\/2025-10-23_saut-1-1-300x300.jpg 300w, https:\/\/cdscweb.fr\/poneys-blackstone-equitation\/wp-content\/uploads\/2025-10-23_saut-1-1-1024x1024.jpg 1024w, https:\/\/cdscweb.fr\/poneys-blackstone-equitation\/wp-content\/uploads\/2025-10-23_saut-1-1-150x150.jpg 150w, https:\/\/cdscweb.fr\/poneys-blackstone-equitation\/wp-content\/uploads\/2025-10-23_saut-1-1-768x768.jpg 768w\" sizes=\"auto, (max-width: 1246px) 100vw, 1246px\" \/><\/a><\/figure>\n\n\n\n<p class=\"has-text-align-center has-small-font-size\"><strong>Hunter<\/strong><br>Initiation &#8211; Comp\u00e9tition<\/p>\n<\/div>\n\n\n\n<div class=\"wp-block-column is-layout-flow wp-block-column-is-layout-flow\">\n<figure class=\"wp-block-image size-full is-style-rounded\"><a href=\"https:\/\/cdscweb.fr\/poneys-blackstone-equitation\/activites\/le-cross\/\" target=\"_blank\" rel=\" noreferrer noopener\"><img loading=\"lazy\" decoding=\"async\" width=\"800\" height=\"800\" src=\"https:\/\/cdscweb.fr\/poneys-blackstone-equitation\/wp-content\/uploads\/2026-02-26_cross-utopia_03.jpg\" alt=\"\" class=\"wp-image-7898\" srcset=\"https:\/\/cdscweb.fr\/poneys-blackstone-equitation\/wp-content\/uploads\/2026-02-26_cross-utopia_03.jpg 800w, https:\/\/cdscweb.fr\/poneys-blackstone-equitation\/wp-content\/uploads\/2026-02-26_cross-utopia_03-300x300.jpg 300w, https:\/\/cdscweb.fr\/poneys-blackstone-equitation\/wp-content\/uploads\/2026-02-26_cross-utopia_03-150x150.jpg 150w, https:\/\/cdscweb.fr\/poneys-blackstone-equitation\/wp-content\/uploads\/2026-02-26_cross-utopia_03-768x768.jpg 768w, https:\/\/cdscweb.fr\/poneys-blackstone-equitation\/wp-content\/uploads\/2026-02-26_cross-utopia_03-257x257.jpg 257w\" sizes=\"auto, (max-width: 800px) 100vw, 800px\" \/><\/a><\/figure>\n\n\n\n<p class=\"has-text-align-center has-small-font-size\"><strong>Cross<\/strong><br>Initiation &#8211; Comp\u00e9tition<\/p>\n<\/div>\n\n\n\n<div class=\"wp-block-column is-layout-flow wp-block-column-is-layout-flow\">\n<figure class=\"wp-block-image size-large is-style-rounded\"><a href=\"https:\/\/cdscweb.fr\/poneys-blackstone-equitation\/activites\/balades-baby\/\" target=\"_blank\" rel=\" noreferrer noopener\"><img loading=\"lazy\" decoding=\"async\" width=\"1024\" height=\"1024\" src=\"https:\/\/cdscweb.fr\/poneys-blackstone-equitation\/wp-content\/uploads\/2024-08-09_3-tee-shirts-1024x1024.jpg\" alt=\"\" class=\"wp-image-4443\" srcset=\"https:\/\/cdscweb.fr\/poneys-blackstone-equitation\/wp-content\/uploads\/2024-08-09_3-tee-shirts-1024x1024.jpg 1024w, https:\/\/cdscweb.fr\/poneys-blackstone-equitation\/wp-content\/uploads\/2024-08-09_3-tee-shirts-300x300.jpg 300w, https:\/\/cdscweb.fr\/poneys-blackstone-equitation\/wp-content\/uploads\/2024-08-09_3-tee-shirts-150x150.jpg 150w, https:\/\/cdscweb.fr\/poneys-blackstone-equitation\/wp-content\/uploads\/2024-08-09_3-tee-shirts-768x768.jpg 768w, https:\/\/cdscweb.fr\/poneys-blackstone-equitation\/wp-content\/uploads\/2024-08-09_3-tee-shirts-1440x1440.jpg 1440w, https:\/\/cdscweb.fr\/poneys-blackstone-equitation\/wp-content\/uploads\/2024-08-09_3-tee-shirts-1320x1320.jpg 1320w, https:\/\/cdscweb.fr\/poneys-blackstone-equitation\/wp-content\/uploads\/2024-08-09_3-tee-shirts.jpg 1536w\" sizes=\"auto, (max-width: 1024px) 100vw, 1024px\" \/><\/a><\/figure>\n\n\n\n<p class=\"has-text-align-center has-small-font-size\"><strong>Balades Baby<\/strong> accompagn\u00e9es<br><em>(vacances scolaires)<\/em><\/p>\n<\/div>\n<\/div>\n\n\n\n<h2 class=\"wp-block-heading has-text-align-center\">Le staff en action !<\/h2>\n\n\n\n<div class=\"wp-block-columns is-layout-flex wp-container-core-columns-is-layout-9d6595d7 wp-block-columns-is-layout-flex\">\n<div class=\"wp-block-column is-layout-flow wp-block-column-is-layout-flow\"><div class=\"wp-block-image is-style-rounded\">\n<figure class=\"aligncenter size-full is-resized\"><a href=\"https:\/\/cdscweb.fr\/poneys-blackstone-equitation\/activites\/le-dressage\/\" target=\"_blank\" rel=\" noreferrer noopener\"><img loading=\"lazy\" decoding=\"async\" width=\"318\" height=\"318\" src=\"https:\/\/cdscweb.fr\/poneys-blackstone-equitation\/wp-content\/uploads\/sylvie-318x318-1.jpg\" alt=\"\" class=\"wp-image-267\" style=\"width:300px\" srcset=\"https:\/\/cdscweb.fr\/poneys-blackstone-equitation\/wp-content\/uploads\/sylvie-318x318-1.jpg 318w, https:\/\/cdscweb.fr\/poneys-blackstone-equitation\/wp-content\/uploads\/sylvie-318x318-1-300x300.jpg 300w, https:\/\/cdscweb.fr\/poneys-blackstone-equitation\/wp-content\/uploads\/sylvie-318x318-1-150x150.jpg 150w\" sizes=\"auto, (max-width: 318px) 100vw, 318px\" \/><\/a><\/figure>\n<\/div>\n\n\n<p class=\"has-text-align-center has-small-font-size\"><strong>Dressage<\/strong><br>Nedji &amp; Sylvie<\/p>\n<\/div>\n\n\n\n<div class=\"wp-block-column is-layout-flow wp-block-column-is-layout-flow\"><div class=\"wp-block-image is-style-rounded\">\n<figure class=\"aligncenter size-full is-resized\"><a href=\"https:\/\/cdscweb.fr\/poneys-blackstone-equitation\/activites\/le-hunter\/\" target=\"_blank\" rel=\" noreferrer noopener\"><img loading=\"lazy\" decoding=\"async\" width=\"1066\" height=\"1066\" src=\"https:\/\/cdscweb.fr\/poneys-blackstone-equitation\/wp-content\/uploads\/2025-10-26_hunter-envt_0002.jpg\" alt=\"\" class=\"wp-image-7286\" style=\"width:300px\" srcset=\"https:\/\/cdscweb.fr\/poneys-blackstone-equitation\/wp-content\/uploads\/2025-10-26_hunter-envt_0002.jpg 1066w, https:\/\/cdscweb.fr\/poneys-blackstone-equitation\/wp-content\/uploads\/2025-10-26_hunter-envt_0002-300x300.jpg 300w, https:\/\/cdscweb.fr\/poneys-blackstone-equitation\/wp-content\/uploads\/2025-10-26_hunter-envt_0002-1024x1024.jpg 1024w, https:\/\/cdscweb.fr\/poneys-blackstone-equitation\/wp-content\/uploads\/2025-10-26_hunter-envt_0002-150x150.jpg 150w, https:\/\/cdscweb.fr\/poneys-blackstone-equitation\/wp-content\/uploads\/2025-10-26_hunter-envt_0002-768x768.jpg 768w, https:\/\/cdscweb.fr\/poneys-blackstone-equitation\/wp-content\/uploads\/2025-10-26_hunter-envt_0002-257x257.jpg 257w\" sizes=\"auto, (max-width: 1066px) 100vw, 1066px\" \/><\/a><\/figure>\n<\/div>\n\n\n<p class=\"has-text-align-center has-small-font-size\"><strong>Hunter<\/strong><br>La Tex &amp; Marjorie<\/p>\n<\/div>\n\n\n\n<div class=\"wp-block-column is-layout-flow wp-block-column-is-layout-flow\"><div class=\"wp-block-image is-style-rounded\">\n<figure class=\"aligncenter size-full is-resized\"><a href=\"https:\/\/cdscweb.fr\/poneys-blackstone-equitation\/activites\/le-cross\/\" target=\"_blank\" rel=\" noreferrer noopener\"><img loading=\"lazy\" decoding=\"async\" width=\"712\" height=\"712\" src=\"https:\/\/cdscweb.fr\/poneys-blackstone-equitation\/wp-content\/uploads\/asso_marjorie_cross.png\" alt=\"\" class=\"wp-image-4904\" style=\"width:300px\" srcset=\"https:\/\/cdscweb.fr\/poneys-blackstone-equitation\/wp-content\/uploads\/asso_marjorie_cross.png 712w, https:\/\/cdscweb.fr\/poneys-blackstone-equitation\/wp-content\/uploads\/asso_marjorie_cross-300x300.png 300w, https:\/\/cdscweb.fr\/poneys-blackstone-equitation\/wp-content\/uploads\/asso_marjorie_cross-150x150.png 150w\" sizes=\"auto, (max-width: 712px) 100vw, 712px\" \/><\/a><\/figure>\n<\/div>\n\n\n<p class=\"has-text-align-center has-small-font-size\"><strong>Cross <\/strong><br>Emage &amp; Marjorie<\/p>\n<\/div>\n<\/div>\n","protected":false},"excerpt":{"rendered":"<p class=\"continue-reading-button\"> <a class=\"continue-reading-link\" href=\"https:\/\/cdscweb.fr\/poneys-blackstone-equitation\/activites\/\">Lire<i class=\"crycon-right-dir\"><\/i><\/a><\/p>\n<div class='heateorSssClear'><\/div><div  class='heateor_sss_sharing_container heateor_sss_horizontal_sharing' data-heateor-sss-href='https:\/\/cdscweb.fr\/poneys-blackstone-equitation\/activites\/'><div class='heateor_sss_sharing_title' style=\"font-weight:bold\" >Partagez !<\/div><div class=\"heateor_sss_sharing_ul\"><a aria-label=\"Facebook\" class=\"heateor_sss_facebook\" href=\"https:\/\/www.facebook.com\/sharer\/sharer.php?u=https%3A%2F%2Fcdscweb.fr%2Fponeys-blackstone-equitation%2Factivites%2F\" title=\"Facebook\" rel=\"nofollow noopener\" target=\"_blank\" style=\"font-size:32px!important;box-shadow:none;display:inline-block;vertical-align:middle\"><span class=\"heateor_sss_svg\" style=\"background-color:#0765FE;width:35px;height:35px;border-radius:999px;display:inline-block;opacity:1;float:left;font-size:32px;box-shadow:none;display:inline-block;font-size:16px;padding:0 4px;vertical-align:middle;background-repeat:repeat;overflow:hidden;padding:0;cursor:pointer;box-sizing:content-box\"><svg style=\"display:block;border-radius:999px;\" focusable=\"false\" aria-hidden=\"true\" xmlns=\"http:\/\/www.w3.org\/2000\/svg\" width=\"100%\" height=\"100%\" viewBox=\"0 0 32 32\"><path fill=\"#fff\" d=\"M28 16c0-6.627-5.373-12-12-12S4 9.373 4 16c0 5.628 3.875 10.35 9.101 11.647v-7.98h-2.474V16H13.1v-1.58c0-4.085 1.849-5.978 5.859-5.978.76 0 2.072.15 2.608.298v3.325c-.283-.03-.775-.045-1.386-.045-1.967 0-2.728.745-2.728 2.683V16h3.92l-.673 3.667h-3.247v8.245C23.395 27.195 28 22.135 28 16Z\"><\/path><\/svg><\/span><\/a><a aria-label=\"Instagram\" class=\"heateor_sss_button_instagram\" href=\"https:\/\/www.instagram.com\/\" title=\"Instagram\" rel=\"nofollow noopener\" target=\"_blank\" style=\"font-size:32px!important;box-shadow:none;display:inline-block;vertical-align:middle\"><span class=\"heateor_sss_svg\" style=\"background-color:#53beee;width:35px;height:35px;border-radius:999px;display:inline-block;opacity:1;float:left;font-size:32px;box-shadow:none;display:inline-block;font-size:16px;padding:0 4px;vertical-align:middle;background-repeat:repeat;overflow:hidden;padding:0;cursor:pointer;box-sizing:content-box\"><svg style=\"display:block;border-radius:999px;\" version=\"1.1\" viewBox=\"-10 -10 148 148\" width=\"100%\" height=\"100%\" xml:space=\"preserve\" xmlns=\"http:\/\/www.w3.org\/2000\/svg\" xmlns:xlink=\"http:\/\/www.w3.org\/1999\/xlink\"><g><g><path d=\"M86,112H42c-14.336,0-26-11.663-26-26V42c0-14.337,11.664-26,26-26h44c14.337,0,26,11.663,26,26v44 C112,100.337,100.337,112,86,112z M42,24c-9.925,0-18,8.074-18,18v44c0,9.925,8.075,18,18,18h44c9.926,0,18-8.075,18-18V42 c0-9.926-8.074-18-18-18H42z\" fill=\"#fff\"><\/path><\/g><g><path d=\"M64,88c-13.234,0-24-10.767-24-24c0-13.234,10.766-24,24-24s24,10.766,24,24C88,77.233,77.234,88,64,88z M64,48c-8.822,0-16,7.178-16,16s7.178,16,16,16c8.822,0,16-7.178,16-16S72.822,48,64,48z\" fill=\"#fff\"><\/path><\/g><g><circle cx=\"89.5\" cy=\"38.5\" fill=\"#fff\" r=\"5.5\"><\/circle><\/g><\/g><\/svg><\/span><\/a><a aria-label=\"Whatsapp\" class=\"heateor_sss_whatsapp\" href=\"https:\/\/api.whatsapp.com\/send?text=Activit%C3%A9s%20propos%C3%A9es%20https%3A%2F%2Fcdscweb.fr%2Fponeys-blackstone-equitation%2Factivites%2F\" title=\"Whatsapp\" rel=\"nofollow noopener\" target=\"_blank\" style=\"font-size:32px!important;box-shadow:none;display:inline-block;vertical-align:middle\"><span class=\"heateor_sss_svg\" style=\"background-color:#55eb4c;width:35px;height:35px;border-radius:999px;display:inline-block;opacity:1;float:left;font-size:32px;box-shadow:none;display:inline-block;font-size:16px;padding:0 4px;vertical-align:middle;background-repeat:repeat;overflow:hidden;padding:0;cursor:pointer;box-sizing:content-box\"><svg style=\"display:block;border-radius:999px;\" focusable=\"false\" aria-hidden=\"true\" xmlns=\"http:\/\/www.w3.org\/2000\/svg\" width=\"100%\" height=\"100%\" viewBox=\"-6 -5 40 40\"><path class=\"heateor_sss_svg_stroke heateor_sss_no_fill\" stroke=\"#fff\" stroke-width=\"2\" fill=\"none\" d=\"M 11.579798566743314 24.396926207859085 A 10 10 0 1 0 6.808479557110079 20.73576436351046\"><\/path><path d=\"M 7 19 l -1 6 l 6 -1\" class=\"heateor_sss_no_fill heateor_sss_svg_stroke\" stroke=\"#fff\" stroke-width=\"2\" fill=\"none\"><\/path><path d=\"M 10 10 q -1 8 8 11 c 5 -1 0 -6 -1 -3 q -4 -3 -5 -5 c 4 -2 -1 -5 -1 -4\" fill=\"#fff\"><\/path><\/svg><\/span><\/a><a class=\"heateor_sss_more\" aria-label=\"More\" title=\"More\" rel=\"nofollow noopener\" style=\"font-size: 32px!important;border:0;box-shadow:none;display:inline-block!important;font-size:16px;padding:0 4px;vertical-align: middle;display:inline;\" href=\"https:\/\/cdscweb.fr\/poneys-blackstone-equitation\/activites\/\" onclick=\"event.preventDefault()\"><span class=\"heateor_sss_svg\" style=\"background-color:#ee8e2d;width:35px;height:35px;border-radius:999px;display:inline-block!important;opacity:1;float:left;font-size:32px!important;box-shadow:none;display:inline-block;font-size:16px;padding:0 4px;vertical-align:middle;display:inline;background-repeat:repeat;overflow:hidden;padding:0;cursor:pointer;box-sizing:content-box;\" onclick=\"heateorSssMoreSharingPopup(this, 'https:\/\/cdscweb.fr\/poneys-blackstone-equitation\/activites\/', 'Activit%C3%A9s%20propos%C3%A9es', '' )\"><svg xmlns=\"http:\/\/www.w3.org\/2000\/svg\" xmlns:xlink=\"http:\/\/www.w3.org\/1999\/xlink\" viewBox=\"-.3 0 32 32\" version=\"1.1\" width=\"100%\" height=\"100%\" style=\"display:block;border-radius:999px;\" xml:space=\"preserve\"><g><path fill=\"#fff\" d=\"M18 14V8h-4v6H8v4h6v6h4v-6h6v-4h-6z\" fill-rule=\"evenodd\"><\/path><\/g><\/svg><\/span><\/a><\/div><div class=\"heateorSssClear\"><\/div><\/div><div class='heateorSssClear'><\/div>","protected":false},"author":1,"featured_media":0,"parent":0,"menu_order":0,"comment_status":"closed","ping_status":"closed","template":"","meta":{"footnotes":""},"class_list":["post-4481","page","type-page","status-publish","hentry"],"_links":{"self":[{"href":"https:\/\/cdscweb.fr\/poneys-blackstone-equitation\/wp-json\/wp\/v2\/pages\/4481","targetHints":{"allow":["GET"]}}],"collection":[{"href":"https:\/\/cdscweb.fr\/poneys-blackstone-equitation\/wp-json\/wp\/v2\/pages"}],"about":[{"href":"https:\/\/cdscweb.fr\/poneys-blackstone-equitation\/wp-json\/wp\/v2\/types\/page"}],"author":[{"embeddable":true,"href":"https:\/\/cdscweb.fr\/poneys-blackstone-equitation\/wp-json\/wp\/v2\/users\/1"}],"replies":[{"embeddable":true,"href":"https:\/\/cdscweb.fr\/poneys-blackstone-equitation\/wp-json\/wp\/v2\/comments?post=4481"}],"version-history":[{"count":116,"href":"https:\/\/cdscweb.fr\/poneys-blackstone-equitation\/wp-json\/wp\/v2\/pages\/4481\/revisions"}],"predecessor-version":[{"id":8164,"href":"https:\/\/cdscweb.fr\/poneys-blackstone-equitation\/wp-json\/wp\/v2\/pages\/4481\/revisions\/8164"}],"wp:attachment":[{"href":"https:\/\/cdscweb.fr\/poneys-blackstone-equitation\/wp-json\/wp\/v2\/media?parent=4481"}],"curies":[{"name":"wp","href":"https:\/\/api.w.org\/{rel}","templated":true}]}}